) = t**3 - 6*t**2 - 6*t + 2. Give v(-3).
-61
Let g(y) = -y**3 + 14*y**2 + 2*y - 9. Give g(14).
19
Let m(s) = -4*s - 42. Determine m(-9).
-6
Let q(u) = u**3 - 39*u**2 - 4. Give q(39).
-4
Let l(o) = 3*o - 4. Calculate l(-6).
-22
Let y(p) = p**3 + 8*p**2 + 9*p + 19. What is y(-7)?
5
Let h(l) = l**2 - 7*l - 99. Calculate h(15).
21
Let u(g) = 3*g**2 - 13*g + 8. Determine u(5).
18
Let y(z) = -24*z. What is y(2)?
-48
Let z(h) = -20*h + 13. Give z(1).
-7
Let t(c) = -14*c - 301. Give t(-22).
7
Let a(b) = 7*b + 92. Determine a(-11).
15
Let b(o) = 3*o**3 - o**2 - 4*o + 4. Determine b(2).
16
Let m(g) = g**3 - 6*g**2 + 11*g - 14. Determine m(3).
-8
Let b(n) = n + 1. What is b(2)?
3
Let y(z) = 4*z - 2. Calculate y(-2).
-10
Let n(d) = 3*d + 16. Determine n(-7).
-5
Let f(m) = -4*m - 1. Determine f(2).
-9
Let k(p) = p**3 + 2*p**2 - p - 2. What is k(-4)?
-30
Let l(x) = x**2 - 16*x + 10. Give l(0).
10
Let o(r) = r + 17. Calculate o(-8).
9
Let j(f) = -15*f - 65. Calculate j(-6).
25
Let s(h) = -17*h**2 - 187*h + 5. What is s(-11)?
5
Let f(g) = -g**2 + 3*g + 30. Give f(9).
-24
Let v(u) = -5*u - 34. Calculate v(-8).
6
Let g(o) = -o**3 + 2*o**2 + 24*o + 2. What is g(6)?
2
Let s(m) = 3*m**2 + 40*m + 67. Calculate s(-11).
-10
Let y(o) = -15*o**2 + 6*o - 20. Give y(4).
-236
Let n(h) = -7*h + 130. Determine n(18).
4
Let v(x) = -22*x + 10. Determine v(0).
10
Let k(u) = -u**3 - 4*u**2 + 12*u - 6. Determine k(-5).
-41
Let j(s) = -3*s**2 + 4*s - 4. What is j(-2)?
-24
Let a(p) = p + 5. What is a(3)?
8
Let x(s) = s - 25. Determine x(26).
1
Let v(o) = 3*o**2 - 16*o + 11. Calculate v(6).
23
Let b(y) = -5*y + 3. Calculate b(2).
-7
Let y(n) = -n**3 + 20*n**2 + 21*n - 5. Determine y(21).
-5
Let o(y) = 5*y + 74. Calculate o(-23).
-41
Let d(n) = -16*n - 295. Give d(-18).
-7
Let w(m) = -m**3 + 5*m**2 - 2*m + 8. What is w(5)?
-2
Let n(p) = 7*p - 43. Determine n(7).
6
Let f(t) = -t**2 - 23. What is f(0)?
-23
Let r(k) = -k**3 + 6*k**2 + 12*k - 4. Give r(8).
-36
Let x(a) = a**3 - 13*a**2 + 10*a - 9. Calculate x(12).
-33
Let y(a) = a**3 + 41*a**2 - 6*a - 247. Determine y(-41).
-1
Let f(u) = u**2 + 7*u + 3. Give f(-6).
-3
Let k(w) = -w**2 + 24*w + 13. Give k(24).
13
Let v(r) = r**2 - r - 17. Calculate v(3).
-11
Let k(a) = -6*a - 69. Give k(-10).
-9
Let n(v) = -15*v - 28. What is n(-9)?
107
Let g(v) = -25*v**3 + 2*v**2 - 1. Calculate g(1).
-24
Let m(j) = -j**2 + 9*j - 18. Give m(6).
0
Let v(p) = -3*p**2 - 9*p - 12. Give v(-4).
-24
Let j(o) = 48*o + 342. Give j(-7).
6
Let w(t) = t**2 - 7*t + 9. Give w(4).
-3
Let u(m) = m**3 - 10*m**2 - 20*m - 52. Determine u(12).
-4
Let v(w) = -w**2 + w + 21. Calculate v(6).
-9
Let y(c) = -c**3 - 11*c**2 + 2*c. Determine y(-11).
-22
Let f(g) = -2*g**2 - g + 42. What is f(-5)?
-3
Let t(i) = -2*i - 24. What is t(-11)?
-2
Let j(i) = -28*i - 247. Give j(-9).
5
Let s(p) = 3*p - 24. Determine s(-6).
-42
Let h(q) = -3*q**2 - 5*q + 3. What is h(3)?
-39
Let v(p) = p + 3. What is v(-6)?
-3
Let h(f) = 6*f - 4. What is h(7)?
38
Let z(i) = i**3 + 8*i**2 - 2*i + 5. Give z(-4).
77
Let u(b) = 13*b**3 - 3*b**2 + b + 1. Determine u(1).
12
Let v(y) = y**2 - 2*y - 101. Calculate v(11).
-2
Let n(d) = -d**2 - 22*d - 72. Give n(-16).
24
Let b(k) = -2*k**2 + 24*k + 14. Give b(13).
-12
Let i(r) = -37*r - 14. Calculate i(-1).
23
Let q(j) = 2*j**2 - 23*j + 11. What is q(11)?
0
Let m(w) = 2*w + 8. What is m(8)?
24
Let p(x) = -2*x**2 - 21*x - 13. Determine p(-10).
-3
Let u(c) = -12*c - 145. Determine u(-12).
-1
Let d(a) = a**3 + 10*a**2 + 8*a - 12. What is d(-9)?
-3
Let t(y) = y + 13. Determine t(-14).
-1
Let z(c) = 30*c - 23. Give z(2).
37
Let q(x) = -x**3 - 14*x**2 - 12*x + 9. What is q(-13)?
-4
Let v(h) = -h**2 + 11*h + 3. Give v(5).
33
Let r(m) = 17*m + 15. Determine r(0).
15
Let x(n) = n - 13. Give x(11).
-2
Let d(j) = -j**3 - 10*j**2 + 31*j + 88. What is d(-12)?
4
Let d(c) = c**3 + 25*c**2 - 25*c + 22. Determine d(-26).
-4
Let g(i) = -i**3 - i**2 + i + 19. Determine g(0).
19
Let q(o) = -o**2 - 35. Determine q(0).
-35
Let n(v) = v**2 - 10*v - 23. Determine n(11).
-12
Let d(p) = 12*p**2 - 17*p + 3. Calculate d(2).
17
Let h(b) = -b**3 + b**2 + 2*b - 35. Determine h(0).
-35
Let u(b) = b**3 - b + 23. Calculate u(0).
23
Let m(o) = o**3 - 3*o**2 - 2. What is m(4)?
14
Let f(s) = s - 39. Determine f(38).
-1
Let y(a) = -2*a**2 - 4*a - 4. Give y(-3).
-10
Let d(j) = -j**3 - 19*j**2 + 23*j + 58. Calculate d(-20).
-2
Let d(w) = 3*w**3 + 19*w**2 - 14*w + 7. What is d(-7)?
7
Let p(s) = 3*s**2 + s - 2. Determine p(2).
12
Let q(t) = -t**2 - 2*t + 43. What is q(0)?
43
Let j(c) = -c**2 + 11*c - 4. Give j(11).
-4
Let s(y) = y + 3. Give s(7).
10
Let s(k) = k**2 - 14*k + 37. Determine s(9).
-8
Let m(k) = -3*k**2 + 2*k + 1. Give m(3).
-20
Let p(h) = 10*h + 1. Determine p(4).
41
Let z(a) = -a**3 + 5*a**2 - 6*a + 37. Calculate z(5).
7
Let p(g) = 3*g + 22. Calculate p(10).
52
Let m(n) = -n**2 + 16*n + 45. Determine m(19).
-12
Let m(z) = z**3 - 5*z**2 - 6*z - 2. Determine m(5).
-32
Let r(m) = -9*m - 227. Give r(-26).
7
Let u(j) = j**2 + 2*j + 1. Determine u(-2).
1
Let l(h) = -h**3 + h**2 - h - 63. Determine l(0).
-63
Let i(b) = -2*b**3 - 3*b + 1. Determine i(3).
-62
Let p(n) = 7*n + 1. Determine p(1).
8
Let c(z) = -2*z + 41. Give c(20).
1
Let r(u) = -u**3 + 18*u**2 + 16*u + 22. Calculate r(19).
-35
Let z(f) = -3*f**3 + 4*f**2 - 4. Give z(2).
-12
Let h(i) = -3*i**3 - 16*i**2 - 8*i - 9. Give h(-5).
6
Let d(j) = 5*j**2 - 90*j - 2. What is d(18)?
-2
Let w(j) = 4*j**2 + 66*j + 31. Determine w(-15).
-59
Let d(q) = q**3 - 6*q - 5. Give d(-4).
-45
Let q(u) = -u**3 + 8*u**2 - 7*u - 14. Calculate q(7).
-14
Let p(q) = 2*q**2 - 16*q - 9. Determine p(8).
-9
Let u(n) = -n**2 + 2*n. Give u(7).
-35
Let m(v) = v**3 + 25*v**2 + 25*v + 14. What is m(-24)?
-10
Let r(z) = -z**3 - 27*z**2 - 51*z - 33. Calculate r(-25).
-8
Let b(r) = r**2 + 5*r - 16. Calculate b(-8).
8
Let q(w) = -31*w - 364. What is q(-12)?
8
Let b(s) = -s**2 + 17*s + 11. Calculate b(14).
53
Let w(i) = -i**2 - 4*i + 6. Determine w(-6).
-6
Let x(d) = -d**3 - 10*d**2 + 5. Calculate x(-10).
5
Let k(v) = 13*v + 4. Give k(-1).
-9
Let g(u) = 8*u + 301. Determine g(-38).
-3
Let n(t) = -5*t**3 + t. Calculate n(-1).
4
Let v(i) = -5*i**2 - 31*i + 7. Determine v(-7).
-21
Let j(a) = -a + 21. Determine j(-5).
26
Let x(l) = -l**3 - 2*l**2 + 2*l - 5. Calculate x(-3).
-2
Let t(h) = h**3 + 6*h**2 - 6*h + 7. What is t(-7)?
0
Let l(w) = w**2 + 53*w + 356. What is l(-45)?
-4
Let d(l) = -l**3 + 11*l**2 - 15*l + 12. Determine d(10).
-38
Let t(a) = -a**2 - 11*a - 5. What is t(-4)?
23
Let f(o) = -78*o - 1. Calculate f(0).
-1
Let t(z) = 5*z - 57. Calculate t(12).
3
Let s(i) = 6*i - 16. Give s(3).
2
Let m(z) = -z**3 + 4*z**2 + 2*z + 7. Calculate m(4).
15
Let j(d) = d**3 + 3*d**2 + 9. Determine j(-4).
-7
Let m(x) = -2*x**3 - 5*x**2 + 3*x - 2. Calculate m(-3).
-2
Let r(m) = m**3 - 7*m**2 + 12*m - 4. Determine r(4).
-4
Let w(z) = -z**2 - 15*z - 45. Calculate w(-8).
11
Let v(z) = z**3 + 9*z**2 + 8*z - 1. Calculate v(-8).
-1
Let h(r) = -r**3 - 6*r**2 - 2*r - 1. What is h(-6)?
11
Let m(r) = r**2 - 3*r - 5. Give m(6).
13
Let o(d) = -d**2 + 15*d - 17. Give o(14).
-3
Let n(p) = -p + 30. Calculate n(38).
-8
Let j(f) = -4*f + 2. Determine j(1).
-2
Let j(r) = r**3 + r**2 - 4*r + 6. Give j(2).
10
Let s(q) = -q**3 + 6*q**2 - 15*q - 9. Determine s(6).
-99
Let y(r) = 2*r**3 - 11*r**2 + 8*r + 4. Give y(4).
-12
Let m(w) = 10*w - 48. Give m(6).
12
Let n(p) = -p**3 + 5*p + 5. Calculate n(-3).
17
Let c(p) = 5*p**3 + 2*p**2 + 3*p + 2. Determine c(-1).
-4
Let d(c) = -20*c + 2. Give d(-2).
42
Let h(s) = -s**2 - 18*s - 39. Determine h(-2).
-7
Let t(c) = c**3 + 6*c**2 - 4*c. Give t(-7).
-21
Let f(g) = g**3 + 3*g**2 - 4*g + 17. Calculate f(-5).
-13
Let t(q) = -q**3 - 8*q**2 + 8*q + 2. Determine t(-9).
11
Let u(i) = 6*i**2 - i. Determine u(-1).
7
Let a(j) = j + 28. Calculate a(-11).
17
Let k(m) = 6*m**2 + 1. Calculate k(1).
7
Let b(u) = -u**2 - 3*u + 7. Give b(-8).
-33
Let a(m) = -33*m - 138. Determine a(-4).
-6
Let x(d) = 4*d - 12. What is x(4)?
4
Let h(f) = 3*f - 6. Determine h(1).
-3
Let c(k) = 7*k + 5. Determine c(-6).
-37
Let i(g) = 2*g + 7. Determine i(-3).
1
Let t(r) = -r**3 + 48*r**2 + 60*r - 535. Give t(49).
4
Let p(h) = -h**2 + 11*h - 10. Determine p(11).
-10
Let a(h) = -h + 30. Calculate a(6).
24
Let 